+ 4*b. Determine f(7).
14
Let y = 7 - 7. Let k(i) = i + 3. Give k(y).
3
Let b = 8 + -14. Let i = -1 - b. Let v(a) = -a**3 + 10*a**2 + 6*a - 4. Let t(x) = x**2 + x - 1. Let k(n) = 5*t(n) - v(n). What is k(i)?
-6
Let z(i) be the third derivative of i**5/60 + i**4/6 + i**3 + i**2. Let b be z(-4). Let r(h) = -2 + h + h + b. Give r(-3).
-2
Let q(j) = -8*j**2 - 2*j + 9. Let s(z) = -z**2 + 1. Let i(l) = -q(l) + 6*s(l). Suppose 0 = 5*t - 4*n + 31, -3*t + 0*t - 2*n = 1. Give i(t).
9
Let m(p) be the first derivative of -5*p**2/2 + p + 4. Let y(l) = l. Let j(a) = -m(a) - 4*y(a). Calculate j(-5).
-6
Let q be (-2 - (2 - 2))*-1. Let c(w) = w - 1. Let z be c(q). Let t(f) be the third derivative of -f**5/30 + f**4/12 - f**3/6 + 3*f**2. Calculate t(z).
-1
Let i(f) be the first derivative of -f**4/24 - 7*f**3/6 - 3*f**2/2 - 2. Let s(l) be the second derivative of i(l). Calculate s(-5).
-2
Let j(y) = -y**3 - 2*y**2 - y - 2. Let t(s) = -s**2 - 6*s - 5. Let a be t(-4). Suppose -c - a*c = 0. Suppose c = 4*k + 5 + 3. What is j(k)?
0
Suppose -4 = 10*y - 12*y. Let m(v) be the first derivative of 2*v + 4/3*v**3 - 1/2*v**y - 1/4*v**4 - 3. What is m(4)?
-2
Let g(d) be the third derivative of d**6/120 - d**5/20 + d**4/24 + d**3/6 - 6*d**2. What is g(2)?
-1
Let n(q) = 2*q**2 - 4*q + 4. Let x be n(3). Let g be 12/(-20) - (-26)/x. Let k(r) = r**2 - 2*r - 2. Determine k(g).
-2
Let z(w) = -4*w - 2. Let q(r) = 2*r + 1. Let d(h) = 9*q(h) + 4*z(h). Determine d(-3).
-5
Suppose 4*x = -2*a - 14, 4*a + 15 - 3 = -4*x. Let d(w) = 2*w - w**3 + 9*w**2 - w**3 - 10*w**2 - a. Give d(-2).
7
Let r(y) be the second derivative of -y**4/12 + y**2/2 - 3*y. What is r(2)?
-3
Let t(x) = -14 + 4*x**2 + 2 - 2*x + 4*x**2 + x**3. Let g be t(-8). Suppose -4*k + 3 = g*y - 1, 0 = -2*y + 4*k + 2. Let u(o) = 6*o**2 + 1. Calculate u(y).
7
Let y(r) be the third derivative of 0*r - 2*r**2 + 0 - 1/60*r**5 - 1/6*r**4 - 1/3*r**3. What is y(-3)?
1
Let n(p) = -6*p. Suppose -3*b - 27 = -0*b. Let f = 10 + b. Determine n(f).
-6
Let o be (6/8)/((-1)/(-4)). Let k(s) = -2*s**3 + 6*s**2 - 3*s + 1. Let w(z) = 3*z**3 - 9*z**2 + 5*z - 2. Let j(q) = -7*k(q) - 5*w(q). Calculate j(o).
-9
Let b(m) = -3*m + 1. Let y(j) = -j**3 + j**2 + j + 3. Let v be y(0). Let g(r) = r**3 + 4*r**2 - 8*r - 5. Let d be g(-5). Let f be v/5 - (-14)/d. Determine b(f).
-5
Let b(o) = o**2 + 7*o - 17. Let i be b(-8). Let y(u) = u + 13. Give y(i).
4
Let i(y) = y + 4. Let p(l) = l + 2. Let k(j) = 4*i(j) - 7*p(j). Let d(r) = r**3 + 2*r**2 - 5*r - 4. Let w be d(-3). What is k(w)?
-4
Let a(v) be the first derivative of -v**6/360 + 7*v**5/120 - v**4/4 + 2*v**3/3 - 3. Let y(c) be the third derivative of a(c). What is y(5)?
4
Let s(p) be the second derivative of p**4/12 - 7*p**3/6 + 7*p**2/2 + 29*p. What is s(6)?
1
Let z(c) be the second derivative of -c**4/12 + c**2 - c. What is z(3)?
-7
Let c(q) = -5*q - 1. Let b(d) = 5*d + 1. Let j(t) = -4*b(t) - 5*c(t). Let u = -7 - -6. Give j(u).
-4
Suppose -g = 3*n - 3, 3*g - n = 2*n - 3. Let s(a) = a**3 + 5*a**2 - 5*a + g + 4 + 1. Let u(v) = -2*v**2 - v. Let q be u(-2). Calculate s(q).
-1
Let z(a) be the first derivative of -a**6/120 + a**5/30 + a**4/8 + a**3/6 - 7*a**2/2 + 4. Let r(l) be the second derivative of z(l). Determine r(-2).
11
Suppose t + t + 16 = 4*r, 2*r - 20 = 4*t. Let s(c) = -4 + c**2 + 8 + 8*c + r. What is s(-6)?
-6
Let m(b) = -11*b - 1. Let l(h) = -23*h - 3. Let k(x) = 2*l(x) - 5*m(x). Let y be 5 - ((-4)/2)/(-2). Let t = y + -5. Determine k(t).
-10
Let v(n) = n**2 + 7*n - 5. Let j(b) = -3*b**2 - 21*b + 16. Let l(f) = -2*j(f) - 7*v(f). Determine l(-4).
15
Let l be -1*(4 - (0 - -2)). Let h(u) = 0 + 2 - 6 + 2*u**2 + u + 6 - 4. Calculate h(l).
4
Let m(j) be the first derivative of -j**5/60 + j**3/2 + 3*j**2/2 - 1. Let t(r) be the second derivative of m(r). Let b be 0/(-1 + 2 - 0). Give t(b).
3
Let s(q) be the second derivative of q**4/12 + q**2/2 - 24*q. Calculate s(1).
2
Suppose o + 7 = -0. Let d(j) = -j**3 - 6*j**2 + 7*j + 6. Determine d(o).
6
Let c(y) be the first derivative of y**4/24 - y**3/2 + y**2/2 - 4. Let f(j) be the second derivative of c(j). Give f(4).
1
Let p(y) = y**2 - 5*y + 1. Let o be p(6). Let m(d) = d - 8. Calculate m(o).
-1
Suppose 5 = 2*q - 7. Let s(v) = 3*v + 4 - 2*v + 2*v**2 + 0*v + 4*v**2. Let t(k) = 5*k**2 + 3. Let x(n) = q*s(n) - 7*t(n). Determine x(-6).
3
Let f(y) = 3*y - 1. Let u be f(1). Let t(s) = -1 - 2 - s - u*s - s**2. Calculate t(-3).
-3
Let g(q) = -2*q**2 - 11*q + 5. Let i(k) = k**2 + 5*k - 2. Let r(y) = -6*g(y) - 14*i(y). Give r(-3).
-8
Suppose -4 = b - 3. Let m(v) = 10*v**2 + 5*v - 4. Let r(i) = -9*i**2 - 4*i + 3. Let s(a) = 4*m(a) + 5*r(a). Calculate s(b).
-6
Suppose -h - 2*r - 6 = -5, 4*h = 5*r + 35. Suppose 4 = -7*u + h*u. Let z(m) = -4*m - 6. Let s(f) = -3*f - 5. Let v(c) = 5*s(c) - 4*z(c). Calculate v(u).
-3
Let k(m) = -2*m**3 - 2*m**2 - m + 1. Let a(x) = -7*x**2 + x + 1. Let w(q) = -q**3 + 7*q**2 - 5*q - 7. Let s be w(6). Let l be a(s). Let v = l - -5. Give k(v).
11
Let v(l) = -2*l**3 + 4*l**2 - 3*l + 2. Let y = -39 - -41. Determine v(y).
-4
Let h(x) be the third derivative of 0*x - x**2 + 1/6*x**3 + 0 - 1/24*x**4. Determine h(0).
1
Let y(c) = -c**3 - 5*c**2 + c + 1. Let m = 32 - 37. What is y(m)?
-4
Let p be (-39)/(-9) + -2 + -2. Let u(j) be the second derivative of 0 + 1/2*j**2 - p*j**3 + 1/6*j**4 + 2*j. Determine u(2).
5
Let d(c) = c**2 + 2 + 5*c - 2*c - 8. Suppose -10 = -5*k + 15. Suppose -v + 5*l = 3*v - k, -20 = 5*v - l. Determine d(v).
4
Suppose 0 = 7*d - 2*d - 10. Suppose 6*k - 2 = 5*k. Let n(z) = k - 5*z + 5*z - z**2. Calculate n(d).
-2
Suppose -2 = 5*h - 12. Let f(y) = 0*y**2 + 0*y**2 - 3*y + y**3 - h*y**2. Let v(w) = -w**2 + 6*w + 5. Let p be v(-1). Calculate f(p).
-10
Let i(p) = -10*p + 2 + 3*p + 3*p + 2*p. Give i(4).
-6
Let u(g) = g**2 + 3*g + 4. Let p be u(-3). Suppose 3*n - p*v + 3*v - 3 = 0, 5*n - 7 = v. Let z(b) = 4*b - 3*b - n*b + 2. Give z(2).
0
Let w be (2/(-3))/((-4)/(-6)). Let a(j) be the second derivative of -1/6*j**4 - 1/2*j**2 - 1/3*j**3 + 0 - 4*j. Give a(w).
-1
Let q be -3 - -2*3 - -11. Let o(i) = 4*i + 23 - q - 14. Give o(4).
11
Let f(z) = 10*z - 20. Let a(b) = 3*b - 6. Let c(m) = 7*a(m) - 2*f(m). Determine c(-3).
-5
Let i(r) = -8*r + 1. Suppose -2*s + 5*s = 0. Suppose 0 + 6 = 3*z. Suppose 0 = -z*n + 2 - s. Give i(n).
-7
Let g(d) = -d**2 - 3*d + 8. Suppose 12*s + 45 + 15 = 0. What is g(s)?
-2
Let t = 9 + -6. Let i(p) = -2*p + 3. Give i(t).
-3
Let p(v) = v + 3. Let d = 69 + -75. Give p(d).
-3
Let z(k) = -k. Let l(m) = 4*m - 7. Let h(q) = -l(q) - 3*z(q). Calculate h(7).
0
Let h = -9 + 15. Let w(l) = h - 2 + 3 - 3*l - 3. Give w(3).
-5
Suppose -2*n = 3 - 7. Suppose o - 2*c - 2 = 0, -2*o = n*o - c - 15. Let a(l) = -5*l**2 + 5 + 0*l + 0*l + 2*l + l**3. What is a(o)?
-3
Let z(d) be the third derivative of -d**5/30 + d**4/6 - d**3/2 - 15*d**2. Determine z(2).
-3
Let i(q) = -q + 1. Let j = -100 + 97. What is i(j)?
4
Let s(t) = t**2 + 3*t - 8. Let h be s(-5). Let p(f) = 6*f + 1. Determine p(h).
13
Let c(k) = k**2 - k. Suppose 5*i - 5*x + 25 = 0, i + 0*x = -4*x + 10. Let m(q) = 0 + 3*q**2 + 2*q + 1 + 4. Let f(y) = i*c(y) + m(y). What is f(-4)?
5
Let w(u) = u**3. Let v be w(0). Let h(g) be the second derivative of g**2 + 3*g + v + 1/2*g**3. Give h(-3).
-7
Suppose 2*q - 2*m = 14, 3*q - 29 = 2*m + 3*m. Let s(b) = 6*b + q + 3*b - 4*b - 4*b. Give s(-2).
1
Let f(s) = 5 - 5*s**3 + 0*s - 2*s + 0*s**3 + 3*s. Let t(c) = -c**3 + c**2 + c + 1. Let m(z) = -f(z) + 4*t(z). Give m(-3).
-1
Suppose 3*s - 11 = -5. Let x(r) = -5 - 2 + 4 + s*r. Calculate x(-3).
-9
Let h(b) = b**3 + 7*b**2 + 5*b - 3. Let p be h(-6). Let w(u) = 2*u + 11. Let a(n) = 3*n + 4*n - n + 21 - 3*n. Let g(m) = p*a(m) - 5*w(m). Give g(6).
2
Let p(u) be the third derivative of 0 + 4*u**2 - 1/60*u**5 + 1/2*u**3 - 1/120*u**6 + 0*u - 1/24*u**4. Determine p(0).
3
Let g(k) = -k - 1. Let v = -5 - -5. Let s = v + 4. Determine g(s).
-5
Let b be 14/(-4)*(-16)/14. Let p(g) be the third derivative of -g**5/60 + 7*g**4/24 - g**3 - g**2. Calculate p(b).
6
Let k(h) = h + 0*h - 3*h + 3*h**2. Let m be -4*15/(-6) - 0. Let t = m - 8. Give k(t).
8
Let s(c) = c + 10. Let l = 87 - 95. Determine s(l).
2
Let t(c) = -2*c**3 + 4*c + c**3 - c**2 - 4*c**2 - 6 + 0*c**3. Suppose 7 + 11 = -3*l. Calculate t(l).
6
Let q(l) = l